
List the prime factors of 15614879.
7, 318671
What are the prime factors of 23305548?
2, 3, 7, 41, 67, 101
List the prime factors of 2116150.
2, 5, 42323
List the prime factors of 2943817.
953, 3089
List the prime factors of 2876980.
2, 5, 19, 67, 113
List the prime factors of 1340959.
1340959
What are the prime factors of 2150163?
3, 41, 5827
What are the prime factors of 127322?
2, 13, 59, 83
List the prime factors of 7156954.
2, 7, 511211
What are the prime factors of 9510573?
3, 79, 40129
List the prime factors of 57071.
7, 31, 263
What are the prime factors of 1845315?
3, 5, 13669
List the prime factors of 48099.
3, 16033
What are the prime factors of 2689355?
5, 19, 28309
List the prime factors of 4923422.
2, 7, 7177
What are the prime factors of 453490?
2, 5, 101, 449
List the prime factors of 17937111.
3, 61, 98017
What are the prime factors of 9744613?
211, 46183
What are the prime factors of 380603?
41, 9283
What are the prime factors of 20879212?
2, 5219803
List the prime factors of 1281301.
7, 79, 331
What are the prime factors of 26021168?
2, 421, 3863
List the prime factors of 614186.
2, 307093
What are the prime factors of 2221181?
31, 137, 523
What are the prime factors of 19609010?
2, 5, 1960901
List the prime factors of 430828.
2, 37, 41, 71
What are the prime factors of 600711?
3, 200237
List the prime factors of 1757967.
3, 585989
What are the prime factors of 3440252?
2, 860063
What are the prime factors of 4607672?
2, 575959
What are the prime factors of 670129?
670129
What are the prime factors of 500049?
3, 11, 5051
What are the prime factors of 204994?
2, 102497
List the prime factors of 1719128.
2, 214891
What are the prime factors of 1248358?
2, 79, 7901
What are the prime factors of 74444?
2, 37, 503
List the prime factors of 322902.
2, 3, 17939
List the prime factors of 4985881.
4985881
What are the prime factors of 422244?
2, 3, 37, 317
What are the prime factors of 1033698?
2, 3, 172283
What are the prime factors of 1860342?
2, 3, 11, 71, 397
List the prime factors of 206099.
43, 4793
What are the prime factors of 22594125?
3, 5, 60251
What are the prime factors of 1925446?
2, 67, 14369
What are the prime factors of 176872?
2, 22109
What are the prime factors of 182604?
2, 3, 15217
List the prime factors of 1204633.
1204633
What are the prime factors of 666540?
2, 3, 5, 7, 23
List the prime factors of 1720464.
2, 3, 73, 491
List the prime factors of 333039.
3, 7, 15859
What are the prime factors of 191226?
2, 3, 7, 29, 157
What are the prime factors of 1062736?
2, 127, 523
List the prime factors of 8676609.
3, 293, 9871
List the prime factors of 171806.
2, 85903
What are the prime factors of 174345?
3, 5, 59, 197
What are the prime factors of 1489148?
2, 47, 89
What are the prime factors of 171956?
2, 42989
What are the prime factors of 2061015?
3, 5, 11, 12491
What are the prime factors of 97108?
2, 11, 2207
What are the prime factors of 9832542?
2, 3, 89, 18413
What are the prime factors of 255225?
3, 5, 41, 83
List the prime factors of 1355861.
13, 104297
What are the prime factors of 584?
2, 73
What are the prime factors of 2679794?
2, 13, 103069
What are the prime factors of 5885534?
2, 2942767
List the prime factors of 11205355.
5, 7, 320153
List the prime factors of 419967.
3, 46663
What are the prime factors of 117044?
2, 29, 1009
List the prime factors of 120920.
2, 5, 3023
What are the prime factors of 48651?
3, 16217
What are the prime factors of 2859583?
461, 6203
List the prime factors of 6119902.
2, 3059951
List the prime factors of 507554.
2, 253777
List the prime factors of 8056588.
2, 2014147
What are the prime factors of 127305?
3, 5, 23, 41
What are the prime factors of 1226047?
677, 1811
List the prime factors of 916661.
29, 73, 433
List the prime factors of 523231.
89, 5879
List the prime factors of 1385779.
1385779
List the prime factors of 6465.
3, 5, 431
What are the prime factors of 6830009?
6830009
List the prime factors of 4328438.
2, 17, 61, 2087
List the prime factors of 17958535.
5, 7, 513101
What are the prime factors of 2141151?
3, 83, 8599
What are the prime factors of 447339?
3, 149113
What are the prime factors of 282593?
461, 613
List the prime factors of 1655673.
3, 647, 853
List the prime factors of 7006536.
2, 3, 23, 4231
What are the prime factors of 396543?
3, 7, 23, 821
List the prime factors of 1232132.
2, 11, 41, 683
List the prime factors of 300791.
61, 4931
What are the prime factors of 7325463?
3, 103, 151, 157
What are the prime factors of 338433?
3, 97, 1163
What are the prime factors of 16359475?
5, 11, 19, 31, 101
What are the prime factors of 288909?
3, 47, 683
What are the prime factors of 56032?
2, 17, 103
What are the prime factors of 496002?
2, 3, 13, 6359
List the prime factors of 683586.
2, 3, 12659
List the prime factors of 859784.
2, 107473
What are the prime factors of 815404?
2, 19, 10729
What are the prime factors of 234376?
2, 29297
List the prime factors of 486051.
3, 162017
List the prime factors of 1394775.
3, 5, 6199
List the prime factors of 8730868.
2, 41, 139, 383
List the prime factors of 12671058.
2, 3, 2111843
List the prime factors of 5621677.
653, 8609
What are the prime factors of 9006957?
3, 17, 31, 211
List the prime factors of 8647813.
1831, 4723
List the prime factors of 675302.
2, 337651
What are the prime factors of 18589?
29, 641
List the prime factors of 4621273.
109, 42397
List the prime factors of 14400540.
2, 3, 5, 7, 11, 1039
What are the prime factors of 267030?
2, 3, 5, 23, 43
What are the prime factors of 2728349?
13, 29, 7237
What are the prime factors of 5974498?
2, 139, 21491
What are the prime factors of 77352?
2, 3, 11, 293
What are the prime factors of 106651?
23, 4637
What are the prime factors of 216841?
216841
List the prime factors of 173175.
3, 5, 2309
List the prime factors of 1677652.
2, 197, 2129
What are the prime factors of 1749757?
41, 42677
List the prime factors of 1335239.
1335239
What are the prime factors of 10512876?
2, 3, 11, 73, 1091
What are the prime factors of 41231?
41231
What are the prime factors of 59928?
2, 3, 11, 227
List the prime factors of 272116.
2, 13, 5233
List the prime factors of 4991342.
2, 1553, 1607
List the prime factors of 167026.
2, 23, 3631
What are the prime factors of 5476688?
2, 7, 107, 457
List the prime factors of 1028289.
3, 353, 971
List the prime factors of 176769.
3, 6547
What are the prime factors of 5347770?
2, 3, 5, 178259
What are the prime factors of 517504?
2, 13, 311
List the prime factors of 217761.
3, 29, 2503
What are the prime factors of 2413980?
2, 3, 5, 13411
List the prime factors of 239425.
5, 61, 157
What are the prime factors of 1087552?
2, 16993
List the prime factors of 6239265.
3, 5, 415951
What are the prime factors of 10378583?
31, 334793
What are the prime factors of 104068?
2, 26017
List the prime factors of 83531.
7, 11933
List the prime factors of 68452.
2, 109, 157
List the prime factors of 1056.
2, 3, 11
What are the prime factors of 5589403?
617, 9059
List the prime factors of 2075138.
2, 13, 79813
What are the prime factors of 688923?
3, 41, 1867
List the prime factors of 4329692.
2, 97, 11159
What are the prime factors of 374203?
374203
List the prime factors of 20340402.
2, 3, 31, 109357
What are the prime factors of 68308?
2, 17077
List the prime factors of 1969419.
3, 29, 22637
What are the prime factors of 5637119?
1987, 2837
List the prime factors of 2509323.
3, 23, 41, 887
What are the prime factors of 4483893?
3, 29, 51539
What are the prime factors of 357525?
3, 5, 7, 227
List the prime factors of 496554.
2, 3, 82759
What are the prime factors of 2007503?
2007503
What are the prime factors of 352971?
3, 17, 769
What are the prime factors of 1798853?
7, 23, 11173
What are the prime factors of 921624?
2, 3, 11, 3491
List the prime factors of 194158.
2, 193, 503
What are the prime factors of 83747?
83, 1009
List the prime factors of 114335.
5, 13, 1759
What are the prime factors of 817346?
2, 31, 13183
What are the prime factors of 1648852?
2, 412213
What are the prime factors of 38268?
2, 3, 1063
List the prime factors of 22029245.
5, 7, 37, 17011
List the prime factors of 1058630.
2, 5, 105863
What are the prime factors of